[INFO] fetching crate goods-fetch 0.1.0...
[INFO] building goods-fetch-0.1.0 against master#881c1ac408d93bb7adaa3a51dabab9266e82eee8 for issue-85264
[INFO] extracting crate goods-fetch 0.1.0 into /workspace/builds/worker-12/source
[INFO] validating manifest of crates.io crate goods-fetch 0.1.0 on toolchain 881c1ac408d93bb7adaa3a51dabab9266e82eee8
[INFO] running `Command { std: "/workspace/cargo-home/bin/cargo" "+881c1ac408d93bb7adaa3a51dabab9266e82eee8" "metadata" "--manifest-path" "Cargo.toml" "--no-deps", kill_on_drop: false }`
[INFO] started tweaking crates.io crate goods-fetch 0.1.0
[INFO] finished tweaking crates.io crate goods-fetch 0.1.0
[INFO] tweaked toml for crates.io crate goods-fetch 0.1.0 written to /workspace/builds/worker-12/source/Cargo.toml
[INFO] running `Command { std: "/workspace/cargo-home/bin/cargo" "+881c1ac408d93bb7adaa3a51dabab9266e82eee8" "generate-lockfile" "--manifest-path" "Cargo.toml" "-Zno-index-update", kill_on_drop: false }`
[INFO] running `Command { std: "/workspace/cargo-home/bin/cargo" "+881c1ac408d93bb7adaa3a51dabab9266e82eee8" "fetch" "--manifest-path" "Cargo.toml", kill_on_drop: false }`
[INFO] [stderr]  Downloading crates ...
[INFO] [stderr]   Downloaded wasm-bindgen-futures v0.4.20
[INFO] [stderr]   Downloaded spin v0.7.1
[INFO] running `Command { std: "docker" "create" "-v" "/var/lib/crater-agent-workspace/builds/worker-12/target:/opt/rustwide/target:rw,Z" "-v" "/var/lib/crater-agent-workspace/builds/worker-12/source:/opt/rustwide/workdir:ro,Z" "-v" "/var/lib/crater-agent-workspace/cargo-home:/opt/rustwide/cargo-home:ro,Z" "-v" "/var/lib/crater-agent-workspace/rustup-home:/opt/rustwide/rustup-home:ro,Z" "-e" "SOURCE_DIR=/opt/rustwide/workdir" "-e" "CARGO_TARGET_DIR=/opt/rustwide/target" "-e" "CARGO_HOME=/opt/rustwide/cargo-home" "-e" "RUSTUP_HOME=/opt/rustwide/rustup-home" "-w" "/opt/rustwide/workdir" "-m" "1610612736" "--user" "0:0" "--network" "none" "ghcr.io/rust-lang/crates-build-env/linux@sha256:20528e8c29e4536546f0102ce88568b16ea7538393a33fcca951030f7af10457" "/opt/rustwide/cargo-home/bin/cargo" "+881c1ac408d93bb7adaa3a51dabab9266e82eee8" "metadata" "--no-deps" "--format-version=1", kill_on_drop: false }`
[INFO] [stdout] 52f4853a0418935ae459a24e77c14e867d12792e2680418277ec4ce14bd7c91e
[INFO] [stderr] WARNING: Your kernel does not support swap limit capabilities or the cgroup is not mounted. Memory limited without swap.
[INFO] running `Command { std: "docker" "start" "-a" "52f4853a0418935ae459a24e77c14e867d12792e2680418277ec4ce14bd7c91e", kill_on_drop: false }`
[INFO] running `Command { std: "docker" "inspect" "52f4853a0418935ae459a24e77c14e867d12792e2680418277ec4ce14bd7c91e", kill_on_drop: false }`
[INFO] running `Command { std: "docker" "rm" "-f" "52f4853a0418935ae459a24e77c14e867d12792e2680418277ec4ce14bd7c91e", kill_on_drop: false }`
[INFO] [stdout] 52f4853a0418935ae459a24e77c14e867d12792e2680418277ec4ce14bd7c91e
[INFO] running `Command { std: "docker" "create" "-v" "/var/lib/crater-agent-workspace/builds/worker-12/target:/opt/rustwide/target:rw,Z" "-v" "/var/lib/crater-agent-workspace/builds/worker-12/source:/opt/rustwide/workdir:ro,Z" "-v" "/var/lib/crater-agent-workspace/cargo-home:/opt/rustwide/cargo-home:ro,Z" "-v" "/var/lib/crater-agent-workspace/rustup-home:/opt/rustwide/rustup-home:ro,Z" "-e" "SOURCE_DIR=/opt/rustwide/workdir" "-e" "CARGO_TARGET_DIR=/opt/rustwide/target" "-e" "CARGO_INCREMENTAL=0" "-e" "RUST_BACKTRACE=full" "-e" "RUSTFLAGS=--cap-lints=forbid" "-e" "CARGO_HOME=/opt/rustwide/cargo-home" "-e" "RUSTUP_HOME=/opt/rustwide/rustup-home" "-w" "/opt/rustwide/workdir" "-m" "1610612736" "--user" "0:0" "--network" "none" "ghcr.io/rust-lang/crates-build-env/linux@sha256:20528e8c29e4536546f0102ce88568b16ea7538393a33fcca951030f7af10457" "/opt/rustwide/cargo-home/bin/cargo" "+881c1ac408d93bb7adaa3a51dabab9266e82eee8" "build" "--frozen" "--message-format=json", kill_on_drop: false }`
[INFO] [stderr] WARNING: Your kernel does not support swap limit capabilities or the cgroup is not mounted. Memory limited without swap.
[INFO] [stdout] 1a0b1225c6343b8bcf24b4f81a335b66c1f4d79e8794513cd88ea3e7bd8aa590
[INFO] running `Command { std: "docker" "start" "-a" "1a0b1225c6343b8bcf24b4f81a335b66c1f4d79e8794513cd88ea3e7bd8aa590", kill_on_drop: false }`
[INFO] [stderr]    Compiling wasm-bindgen-shared v0.2.70
[INFO] [stderr]    Compiling log v0.4.14
[INFO] [stderr]    Compiling bumpalo v3.7.0
[INFO] [stderr]    Compiling wasm-bindgen v0.2.70
[INFO] [stderr]    Compiling eyre v0.6.5
[INFO] [stderr]    Compiling futures-core v0.3.15
[INFO] [stderr]    Compiling once_cell v1.7.2
[INFO] [stderr]    Compiling ahash v0.4.7
[INFO] [stderr]    Compiling indenter v0.3.3
[INFO] [stderr]    Compiling slab v0.4.3
[INFO] [stderr]    Compiling spin v0.7.1
[INFO] [stderr]    Compiling syn v1.0.72
[INFO] [stderr]    Compiling hashbrown v0.9.1
[INFO] [stderr]    Compiling goods v0.8.0
[INFO] [stderr]    Compiling wasm-bindgen-backend v0.2.70
[INFO] [stderr]    Compiling wasm-bindgen-macro-support v0.2.70
[INFO] [stderr]    Compiling wasm-bindgen-macro v0.2.70
[INFO] [stderr]    Compiling js-sys v0.3.47
[INFO] [stdout] error: expected `,`
[INFO] [stdout]    --> /opt/rustwide/cargo-home/registry/src/github.com-1ecc6299db9ec823/js-sys-0.3.47/src/lib.rs:639:39
[INFO] [stdout]     |
[INFO] [stdout] 639 |         #[wasm_bindgen(js_namespace = Atomics, catch)]
[INFO] [stdout]     |                                       ^^^^^^^
[INFO] [stdout] 
[INFO] [stdout] 
[INFO] [stdout] error: expected `,`
[INFO] [stdout]    --> /opt/rustwide/cargo-home/registry/src/github.com-1ecc6299db9ec823/js-sys-0.3.47/src/lib.rs:649:39
[INFO] [stdout]     |
[INFO] [stdout] 649 |         #[wasm_bindgen(js_namespace = Atomics, catch)]
[INFO] [stdout]     |                                       ^^^^^^^
[INFO] [stdout] 
[INFO] [stdout] 
[INFO] [stdout] error: expected `,`
[INFO] [stdout]    --> /opt/rustwide/cargo-home/registry/src/github.com-1ecc6299db9ec823/js-sys-0.3.47/src/lib.rs:660:39
[INFO] [stdout]     |
[INFO] [stdout] 660 |         #[wasm_bindgen(js_namespace = Atomics, catch, js_name = compareExchange)]
[INFO] [stdout]     |                                       ^^^^^^^
[INFO] [stdout] 
[INFO] [stdout] 
[INFO] [stdout] error: expected `,`
[INFO] [stdout]    --> /opt/rustwide/cargo-home/registry/src/github.com-1ecc6299db9ec823/js-sys-0.3.47/src/lib.rs:674:39
[INFO] [stdout]     |
[INFO] [stdout] 674 |         #[wasm_bindgen(js_namespace = Atomics, catch)]
[INFO] [stdout]     |                                       ^^^^^^^
[INFO] [stdout] 
[INFO] [stdout] 
[INFO] [stdout] error: expected `,`
[INFO] [stdout]    --> /opt/rustwide/cargo-home/registry/src/github.com-1ecc6299db9ec823/js-sys-0.3.47/src/lib.rs:683:39
[INFO] [stdout]     |
[INFO] [stdout] 683 |         #[wasm_bindgen(js_namespace = Atomics, js_name = isLockFree)]
[INFO] [stdout]     |                                       ^^^^^^^
[INFO] [stdout] 
[INFO] [stdout] 
[INFO] [stdout] error: expected `,`
[INFO] [stdout]    --> /opt/rustwide/cargo-home/registry/src/github.com-1ecc6299db9ec823/js-sys-0.3.47/src/lib.rs:690:39
[INFO] [stdout]     |
[INFO] [stdout] 690 |         #[wasm_bindgen(js_namespace = Atomics, catch)]
[INFO] [stdout]     |                                       ^^^^^^^
[INFO] [stdout] 
[INFO] [stdout] 
[INFO] [stdout] error: expected `,`
[INFO] [stdout]    --> /opt/rustwide/cargo-home/registry/src/github.com-1ecc6299db9ec823/js-sys-0.3.47/src/lib.rs:699:39
[INFO] [stdout]     |
[INFO] [stdout] 699 |         #[wasm_bindgen(js_namespace = Atomics, catch)]
[INFO] [stdout]     |                                       ^^^^^^^
[INFO] [stdout] 
[INFO] [stdout] 
[INFO] [stdout] error: expected `,`
[INFO] [stdout]    --> /opt/rustwide/cargo-home/registry/src/github.com-1ecc6299db9ec823/js-sys-0.3.47/src/lib.rs:703:39
[INFO] [stdout]     |
[INFO] [stdout] 703 |         #[wasm_bindgen(js_namespace = Atomics, catch, js_name = notify)]
[INFO] [stdout]     |                                       ^^^^^^^
[INFO] [stdout] 
[INFO] [stdout] 
[INFO] [stdout] error: expected `,`
[INFO] [stdout]    --> /opt/rustwide/cargo-home/registry/src/github.com-1ecc6299db9ec823/js-sys-0.3.47/src/lib.rs:716:39
[INFO] [stdout]     |
[INFO] [stdout] 716 |         #[wasm_bindgen(js_namespace = Atomics, catch)]
[INFO] [stdout]     |                                       ^^^^^^^
[INFO] [stdout] 
[INFO] [stdout] 
[INFO] [stdout] error: expected `,`
[INFO] [stdout]    --> /opt/rustwide/cargo-home/registry/src/github.com-1ecc6299db9ec823/js-sys-0.3.47/src/lib.rs:723:39
[INFO] [stdout]     |
[INFO] [stdout] 723 |         #[wasm_bindgen(js_namespace = Atomics, catch)]
[INFO] [stdout]     |                                       ^^^^^^^
[INFO] [stdout] 
[INFO] [stdout] 
[INFO] [stdout] error: expected `,`
[INFO] [stdout]    --> /opt/rustwide/cargo-home/registry/src/github.com-1ecc6299db9ec823/js-sys-0.3.47/src/lib.rs:732:39
[INFO] [stdout]     |
[INFO] [stdout] 732 |         #[wasm_bindgen(js_namespace = Atomics, catch)]
[INFO] [stdout]     |                                       ^^^^^^^
[INFO] [stdout] 
[INFO] [stdout] 
[INFO] [stdout] error: expected `,`
[INFO] [stdout]    --> /opt/rustwide/cargo-home/registry/src/github.com-1ecc6299db9ec823/js-sys-0.3.47/src/lib.rs:743:39
[INFO] [stdout]     |
[INFO] [stdout] 743 |         #[wasm_bindgen(js_namespace = Atomics, catch)]
[INFO] [stdout]     |                                       ^^^^^^^
[INFO] [stdout] 
[INFO] [stdout] 
[INFO] [stdout] error: expected `,`
[INFO] [stdout]    --> /opt/rustwide/cargo-home/registry/src/github.com-1ecc6299db9ec823/js-sys-0.3.47/src/lib.rs:749:39
[INFO] [stdout]     |
[INFO] [stdout] 749 |         #[wasm_bindgen(js_namespace = Atomics, catch, js_name = wait)]
[INFO] [stdout]     |                                       ^^^^^^^
[INFO] [stdout] 
[INFO] [stdout] 
[INFO] [stdout] error: expected `,`
[INFO] [stdout]    --> /opt/rustwide/cargo-home/registry/src/github.com-1ecc6299db9ec823/js-sys-0.3.47/src/lib.rs:764:39
[INFO] [stdout]     |
[INFO] [stdout] 764 |         #[wasm_bindgen(js_namespace = Atomics, catch)]
[INFO] [stdout]     |                                       ^^^^^^^
[INFO] [stdout] 
[INFO] [stdout] 
[INFO] [stdout] error: expected `,`
[INFO] [stdout]     --> /opt/rustwide/cargo-home/registry/src/github.com-1ecc6299db9ec823/js-sys-0.3.47/src/lib.rs:1576:39
[INFO] [stdout]      |
[INFO] [stdout] 1576 |         #[wasm_bindgen(js_namespace = Math)]
[INFO] [stdout]      |                                       ^^^^
[INFO] [stdout] 
[INFO] [stdout] 
[INFO] [stdout] error: expected `,`
[INFO] [stdout]     --> /opt/rustwide/cargo-home/registry/src/github.com-1ecc6299db9ec823/js-sys-0.3.47/src/lib.rs:1584:39
[INFO] [stdout]      |
[INFO] [stdout] 1584 |         #[wasm_bindgen(js_namespace = Math)]
[INFO] [stdout]      |                                       ^^^^
[INFO] [stdout] 
[INFO] [stdout] 
[INFO] [stdout] error: expected `,`
[INFO] [stdout]     --> /opt/rustwide/cargo-home/registry/src/github.com-1ecc6299db9ec823/js-sys-0.3.47/src/lib.rs:1592:39
[INFO] [stdout]      |
[INFO] [stdout] 1592 |         #[wasm_bindgen(js_namespace = Math)]
[INFO] [stdout]      |                                       ^^^^
[INFO] [stdout] 
[INFO] [stdout] 
[INFO] [stdout] error: expected `,`
[INFO] [stdout]     --> /opt/rustwide/cargo-home/registry/src/github.com-1ecc6299db9ec823/js-sys-0.3.47/src/lib.rs:1600:39
[INFO] [stdout]      |
[INFO] [stdout] 1600 |         #[wasm_bindgen(js_namespace = Math)]
[INFO] [stdout]      |                                       ^^^^
[INFO] [stdout] 
[INFO] [stdout] 
[INFO] [stdout] error: expected `,`
[INFO] [stdout]     --> /opt/rustwide/cargo-home/registry/src/github.com-1ecc6299db9ec823/js-sys-0.3.47/src/lib.rs:1607:39
[INFO] [stdout]      |
[INFO] [stdout] 1607 |         #[wasm_bindgen(js_namespace = Math)]
[INFO] [stdout]      |                                       ^^^^
[INFO] [stdout] 
[INFO] [stdout] 
[INFO] [stdout] error: expected `,`
[INFO] [stdout]     --> /opt/rustwide/cargo-home/registry/src/github.com-1ecc6299db9ec823/js-sys-0.3.47/src/lib.rs:1613:39
[INFO] [stdout]      |
[INFO] [stdout] 1613 |         #[wasm_bindgen(js_namespace = Math)]
[INFO] [stdout]      |                                       ^^^^
[INFO] [stdout] 
[INFO] [stdout] 
[INFO] [stdout] error: expected `,`
[INFO] [stdout]     --> /opt/rustwide/cargo-home/registry/src/github.com-1ecc6299db9ec823/js-sys-0.3.47/src/lib.rs:1620:39
[INFO] [stdout]      |
[INFO] [stdout] 1620 |         #[wasm_bindgen(js_namespace = Math)]
[INFO] [stdout]      |                                       ^^^^
[INFO] [stdout] 
[INFO] [stdout] 
[INFO] [stdout] error: expected `,`
[INFO] [stdout]     --> /opt/rustwide/cargo-home/registry/src/github.com-1ecc6299db9ec823/js-sys-0.3.47/src/lib.rs:1628:39
[INFO] [stdout]      |
[INFO] [stdout] 1628 |         #[wasm_bindgen(js_namespace = Math)]
[INFO] [stdout]      |                                       ^^^^
[INFO] [stdout] 
[INFO] [stdout] 
[INFO] [stdout] error: expected `,`
[INFO] [stdout]     --> /opt/rustwide/cargo-home/registry/src/github.com-1ecc6299db9ec823/js-sys-0.3.47/src/lib.rs:1635:39
[INFO] [stdout]      |
[INFO] [stdout] 1635 |         #[wasm_bindgen(js_namespace = Math)]
[INFO] [stdout]      |                                       ^^^^
[INFO] [stdout] 
[INFO] [stdout] 
[INFO] [stdout] error: expected `,`
[INFO] [stdout]     --> /opt/rustwide/cargo-home/registry/src/github.com-1ecc6299db9ec823/js-sys-0.3.47/src/lib.rs:1642:39
[INFO] [stdout]      |
[INFO] [stdout] 1642 |         #[wasm_bindgen(js_namespace = Math)]
[INFO] [stdout]      |                                       ^^^^
[INFO] [stdout] 
[INFO] [stdout] 
[INFO] [stdout] error: expected `,`
[INFO] [stdout]     --> /opt/rustwide/cargo-home/registry/src/github.com-1ecc6299db9ec823/js-sys-0.3.47/src/lib.rs:1649:39
[INFO] [stdout]      |
[INFO] [stdout] 1649 |         #[wasm_bindgen(js_namespace = Math)]
[INFO] [stdout]      |                                       ^^^^
[INFO] [stdout] 
[INFO] [stdout] 
[INFO] [stdout] error: expected `,`
[INFO] [stdout]     --> /opt/rustwide/cargo-home/registry/src/github.com-1ecc6299db9ec823/js-sys-0.3.47/src/lib.rs:1656:39
[INFO] [stdout]      |
[INFO] [stdout] 1656 |         #[wasm_bindgen(js_namespace = Math)]
[INFO] [stdout]      |                                       ^^^^
[INFO] [stdout] 
[INFO] [stdout] 
[INFO] [stdout] error: expected `,`
[INFO] [stdout]     --> /opt/rustwide/cargo-home/registry/src/github.com-1ecc6299db9ec823/js-sys-0.3.47/src/lib.rs:1663:39
[INFO] [stdout]      |
[INFO] [stdout] 1663 |         #[wasm_bindgen(js_namespace = Math)]
[INFO] [stdout]      |                                       ^^^^
[INFO] [stdout] 
[INFO] [stdout] 
[INFO] [stdout] error: expected `,`
[INFO] [stdout]     --> /opt/rustwide/cargo-home/registry/src/github.com-1ecc6299db9ec823/js-sys-0.3.47/src/lib.rs:1670:39
[INFO] [stdout]      |
[INFO] [stdout] 1670 |         #[wasm_bindgen(js_namespace = Math)]
[INFO] [stdout]      |                                       ^^^^
[INFO] [stdout] 
[INFO] [stdout] 
[INFO] [stdout] error: expected `,`
[INFO] [stdout]     --> /opt/rustwide/cargo-home/registry/src/github.com-1ecc6299db9ec823/js-sys-0.3.47/src/lib.rs:1677:39
[INFO] [stdout]      |
[INFO] [stdout] 1677 |         #[wasm_bindgen(js_namespace = Math)]
[INFO] [stdout]      |                                       ^^^^
[INFO] [stdout] 
[INFO] [stdout] 
[INFO] [stdout] error: expected `,`
[INFO] [stdout]     --> /opt/rustwide/cargo-home/registry/src/github.com-1ecc6299db9ec823/js-sys-0.3.47/src/lib.rs:1684:39
[INFO] [stdout]      |
[INFO] [stdout] 1684 |         #[wasm_bindgen(js_namespace = Math)]
[INFO] [stdout]      |                                       ^^^^
[INFO] [stdout] 
[INFO] [stdout] 
[INFO] [stdout] error: expected `,`
[INFO] [stdout]     --> /opt/rustwide/cargo-home/registry/src/github.com-1ecc6299db9ec823/js-sys-0.3.47/src/lib.rs:1691:39
[INFO] [stdout]      |
[INFO] [stdout] 1691 |         #[wasm_bindgen(js_namespace = Math)]
[INFO] [stdout]      |                                       ^^^^
[INFO] [stdout] 
[INFO] [stdout] 
[INFO] [stdout] error: expected `,`
[INFO] [stdout]     --> /opt/rustwide/cargo-home/registry/src/github.com-1ecc6299db9ec823/js-sys-0.3.47/src/lib.rs:1697:39
[INFO] [stdout]      |
[INFO] [stdout] 1697 |         #[wasm_bindgen(js_namespace = Math)]
[INFO] [stdout]      |                                       ^^^^
[INFO] [stdout] 
[INFO] [stdout] 
[INFO] [stdout] error: expected `,`
[INFO] [stdout]     --> /opt/rustwide/cargo-home/registry/src/github.com-1ecc6299db9ec823/js-sys-0.3.47/src/lib.rs:1704:39
[INFO] [stdout]      |
[INFO] [stdout] 1704 |         #[wasm_bindgen(js_namespace = Math)]
[INFO] [stdout]      |                                       ^^^^
[INFO] [stdout] 
[INFO] [stdout] 
[INFO] [stdout] error: expected `,`
[INFO] [stdout]     --> /opt/rustwide/cargo-home/registry/src/github.com-1ecc6299db9ec823/js-sys-0.3.47/src/lib.rs:1711:39
[INFO] [stdout]      |
[INFO] [stdout] 1711 |         #[wasm_bindgen(js_namespace = Math)]
[INFO] [stdout]      |                                       ^^^^
[INFO] [stdout] 
[INFO] [stdout] 
[INFO] [stdout] error: expected `,`
[INFO] [stdout]     --> /opt/rustwide/cargo-home/registry/src/github.com-1ecc6299db9ec823/js-sys-0.3.47/src/lib.rs:1717:39
[INFO] [stdout]      |
[INFO] [stdout] 1717 |         #[wasm_bindgen(js_namespace = Math)]
[INFO] [stdout]      |                                       ^^^^
[INFO] [stdout] 
[INFO] [stdout] 
[INFO] [stdout] error: expected `,`
[INFO] [stdout]     --> /opt/rustwide/cargo-home/registry/src/github.com-1ecc6299db9ec823/js-sys-0.3.47/src/lib.rs:1722:39
[INFO] [stdout]      |
[INFO] [stdout] 1722 |         #[wasm_bindgen(js_namespace = Math)]
[INFO] [stdout]      |                                       ^^^^
[INFO] [stdout] 
[INFO] [stdout] 
[INFO] [stdout] error: expected `,`
[INFO] [stdout]     --> /opt/rustwide/cargo-home/registry/src/github.com-1ecc6299db9ec823/js-sys-0.3.47/src/lib.rs:1728:39
[INFO] [stdout]      |
[INFO] [stdout] 1728 |         #[wasm_bindgen(js_namespace = Math)]
[INFO] [stdout]      |                                       ^^^^
[INFO] [stdout] 
[INFO] [stdout] 
[INFO] [stdout] error: expected `,`
[INFO] [stdout]     --> /opt/rustwide/cargo-home/registry/src/github.com-1ecc6299db9ec823/js-sys-0.3.47/src/lib.rs:1734:39
[INFO] [stdout]      |
[INFO] [stdout] 1734 |         #[wasm_bindgen(js_namespace = Math)]
[INFO] [stdout]      |                                       ^^^^
[INFO] [stdout] 
[INFO] [stdout] 
[INFO] [stdout] error: expected `,`
[INFO] [stdout]     --> /opt/rustwide/cargo-home/registry/src/github.com-1ecc6299db9ec823/js-sys-0.3.47/src/lib.rs:1740:39
[INFO] [stdout]      |
[INFO] [stdout] 1740 |         #[wasm_bindgen(js_namespace = Math)]
[INFO] [stdout]      |                                       ^^^^
[INFO] [stdout] 
[INFO] [stdout] 
[INFO] [stdout] error: expected `,`
[INFO] [stdout]     --> /opt/rustwide/cargo-home/registry/src/github.com-1ecc6299db9ec823/js-sys-0.3.47/src/lib.rs:1746:39
[INFO] [stdout]      |
[INFO] [stdout] 1746 |         #[wasm_bindgen(js_namespace = Math)]
[INFO] [stdout]      |                                       ^^^^
[INFO] [stdout] 
[INFO] [stdout] 
[INFO] [stdout] error: expected `,`
[INFO] [stdout]     --> /opt/rustwide/cargo-home/registry/src/github.com-1ecc6299db9ec823/js-sys-0.3.47/src/lib.rs:1756:39
[INFO] [stdout]      |
[INFO] [stdout] 1756 |         #[wasm_bindgen(js_namespace = Math)]
[INFO] [stdout]      |                                       ^^^^
[INFO] [stdout] 
[INFO] [stdout] 
[INFO] [stdout] error: expected `,`
[INFO] [stdout]     --> /opt/rustwide/cargo-home/registry/src/github.com-1ecc6299db9ec823/js-sys-0.3.47/src/lib.rs:1762:39
[INFO] [stdout]      |
[INFO] [stdout] 1762 |         #[wasm_bindgen(js_namespace = Math)]
[INFO] [stdout]      |                                       ^^^^
[INFO] [stdout] 
[INFO] [stdout] 
[INFO] [stdout] error: expected `,`
[INFO] [stdout]     --> /opt/rustwide/cargo-home/registry/src/github.com-1ecc6299db9ec823/js-sys-0.3.47/src/lib.rs:1769:39
[INFO] [stdout]      |
[INFO] [stdout] 1769 |         #[wasm_bindgen(js_namespace = Math)]
[INFO] [stdout]      |                                       ^^^^
[INFO] [stdout] 
[INFO] [stdout] 
[INFO] [stdout] error: expected `,`
[INFO] [stdout]     --> /opt/rustwide/cargo-home/registry/src/github.com-1ecc6299db9ec823/js-sys-0.3.47/src/lib.rs:1775:39
[INFO] [stdout]      |
[INFO] [stdout] 1775 |         #[wasm_bindgen(js_namespace = Math)]
[INFO] [stdout]      |                                       ^^^^
[INFO] [stdout] 
[INFO] [stdout] 
[INFO] [stdout] error: expected `,`
[INFO] [stdout]     --> /opt/rustwide/cargo-home/registry/src/github.com-1ecc6299db9ec823/js-sys-0.3.47/src/lib.rs:1782:39
[INFO] [stdout]      |
[INFO] [stdout] 1782 |         #[wasm_bindgen(js_namespace = Math)]
[INFO] [stdout]      |                                       ^^^^
[INFO] [stdout] 
[INFO] [stdout] 
[INFO] [stdout] error: expected `,`
[INFO] [stdout]     --> /opt/rustwide/cargo-home/registry/src/github.com-1ecc6299db9ec823/js-sys-0.3.47/src/lib.rs:1789:39
[INFO] [stdout]      |
[INFO] [stdout] 1789 |         #[wasm_bindgen(js_namespace = Math)]
[INFO] [stdout]      |                                       ^^^^
[INFO] [stdout] 
[INFO] [stdout] 
[INFO] [stdout] error: expected `,`
[INFO] [stdout]     --> /opt/rustwide/cargo-home/registry/src/github.com-1ecc6299db9ec823/js-sys-0.3.47/src/lib.rs:1795:39
[INFO] [stdout]      |
[INFO] [stdout] 1795 |         #[wasm_bindgen(js_namespace = Math)]
[INFO] [stdout]      |                                       ^^^^
[INFO] [stdout] 
[INFO] [stdout] 
[INFO] [stdout] error: expected `,`
[INFO] [stdout]     --> /opt/rustwide/cargo-home/registry/src/github.com-1ecc6299db9ec823/js-sys-0.3.47/src/lib.rs:1802:39
[INFO] [stdout]      |
[INFO] [stdout] 1802 |         #[wasm_bindgen(js_namespace = Math)]
[INFO] [stdout]      |                                       ^^^^
[INFO] [stdout] 
[INFO] [stdout] 
[INFO] [stdout] error: expected `,`
[INFO] [stdout]     --> /opt/rustwide/cargo-home/registry/src/github.com-1ecc6299db9ec823/js-sys-0.3.47/src/lib.rs:1809:39
[INFO] [stdout]      |
[INFO] [stdout] 1809 |         #[wasm_bindgen(js_namespace = Math)]
[INFO] [stdout]      |                                       ^^^^
[INFO] [stdout] 
[INFO] [stdout] 
[INFO] [stdout] error: expected `,`
[INFO] [stdout]     --> /opt/rustwide/cargo-home/registry/src/github.com-1ecc6299db9ec823/js-sys-0.3.47/src/lib.rs:2765:39
[INFO] [stdout]      |
[INFO] [stdout] 2765 |         #[wasm_bindgen(js_namespace = Reflect, catch)]
[INFO] [stdout]      |                                       ^^^^^^^
[INFO] [stdout] 
[INFO] [stdout] 
[INFO] [stdout] error: expected `,`
[INFO] [stdout]     --> /opt/rustwide/cargo-home/registry/src/github.com-1ecc6299db9ec823/js-sys-0.3.47/src/lib.rs:2777:39
[INFO] [stdout]      |
[INFO] [stdout] 2777 |         #[wasm_bindgen(js_namespace = Reflect, catch)]
[INFO] [stdout]      |                                       ^^^^^^^
[INFO] [stdout] 
[INFO] [stdout] 
[INFO] [stdout] error: expected `,`
[INFO] [stdout]     --> /opt/rustwide/cargo-home/registry/src/github.com-1ecc6299db9ec823/js-sys-0.3.47/src/lib.rs:2785:39
[INFO] [stdout]      |
[INFO] [stdout] 2785 |         #[wasm_bindgen(js_namespace = Reflect, js_name = construct, catch)]
[INFO] [stdout]      |                                       ^^^^^^^
[INFO] [stdout] 
[INFO] [stdout] 
[INFO] [stdout] error: expected `,`
[INFO] [stdout]     --> /opt/rustwide/cargo-home/registry/src/github.com-1ecc6299db9ec823/js-sys-0.3.47/src/lib.rs:2796:39
[INFO] [stdout]      |
[INFO] [stdout] 2796 |         #[wasm_bindgen(js_namespace = Reflect, js_name = defineProperty, catch)]
[INFO] [stdout]      |                                       ^^^^^^^
[INFO] [stdout] 
[INFO] [stdout] 
[INFO] [stdout] error: expected `,`
[INFO] [stdout]     --> /opt/rustwide/cargo-home/registry/src/github.com-1ecc6299db9ec823/js-sys-0.3.47/src/lib.rs:2807:39
[INFO] [stdout]      |
[INFO] [stdout] 2807 |         #[wasm_bindgen(js_namespace = Reflect, js_name = deleteProperty, catch)]
[INFO] [stdout]      |                                       ^^^^^^^
[INFO] [stdout] 
[INFO] [stdout] 
[INFO] [stdout] error: expected `,`
[INFO] [stdout]     --> /opt/rustwide/cargo-home/registry/src/github.com-1ecc6299db9ec823/js-sys-0.3.47/src/lib.rs:2814:39
[INFO] [stdout]      |
[INFO] [stdout] 2814 |         #[wasm_bindgen(js_namespace = Reflect, catch)]
[INFO] [stdout]      |                                       ^^^^^^^
[INFO] [stdout] 
[INFO] [stdout] 
[INFO] [stdout] error: expected `,`
[INFO] [stdout]     --> /opt/rustwide/cargo-home/registry/src/github.com-1ecc6299db9ec823/js-sys-0.3.47/src/lib.rs:2819:39
[INFO] [stdout]      |
[INFO] [stdout] 2819 |         #[wasm_bindgen(js_namespace = Reflect, js_name = "get", catch)]
[INFO] [stdout]      |                                       ^^^^^^^
[INFO] [stdout] 
[INFO] [stdout] 
[INFO] [stdout] error: expected `,`
[INFO] [stdout]     --> /opt/rustwide/cargo-home/registry/src/github.com-1ecc6299db9ec823/js-sys-0.3.47/src/lib.rs:2824:39
[INFO] [stdout]      |
[INFO] [stdout] 2824 |         #[wasm_bindgen(js_namespace = Reflect, js_name = "get", catch)]
[INFO] [stdout]      |                                       ^^^^^^^
[INFO] [stdout] 
[INFO] [stdout] 
[INFO] [stdout] error: expected `,`
[INFO] [stdout]     --> /opt/rustwide/cargo-home/registry/src/github.com-1ecc6299db9ec823/js-sys-0.3.47/src/lib.rs:2832:39
[INFO] [stdout]      |
[INFO] [stdout] 2832 |         #[wasm_bindgen(js_namespace = Reflect, js_name = getOwnPropertyDescriptor, catch)]
[INFO] [stdout]      |                                       ^^^^^^^
[INFO] [stdout] 
[INFO] [stdout] 
[INFO] [stdout] error: expected `,`
[INFO] [stdout]     --> /opt/rustwide/cargo-home/registry/src/github.com-1ecc6299db9ec823/js-sys-0.3.47/src/lib.rs:2844:39
[INFO] [stdout]      |
[INFO] [stdout] 2844 |         #[wasm_bindgen(js_namespace = Reflect, js_name = getPrototypeOf, catch)]
[INFO] [stdout]      |                                       ^^^^^^^
[INFO] [stdout] 
[INFO] [stdout] 
[INFO] [stdout] error: expected `,`
[INFO] [stdout]     --> /opt/rustwide/cargo-home/registry/src/github.com-1ecc6299db9ec823/js-sys-0.3.47/src/lib.rs:2851:39
[INFO] [stdout]      |
[INFO] [stdout] 2851 |         #[wasm_bindgen(js_namespace = Reflect, catch)]
[INFO] [stdout]      |                                       ^^^^^^^
[INFO] [stdout] 
[INFO] [stdout] 
[INFO] [stdout] error: expected `,`
[INFO] [stdout]     --> /opt/rustwide/cargo-home/registry/src/github.com-1ecc6299db9ec823/js-sys-0.3.47/src/lib.rs:2859:39
[INFO] [stdout]      |
[INFO] [stdout] 2859 |         #[wasm_bindgen(js_namespace = Reflect, js_name = isExtensible, catch)]
[INFO] [stdout]      |                                       ^^^^^^^
[INFO] [stdout] 
[INFO] [stdout] 
[INFO] [stdout] error: expected `,`
[INFO] [stdout]     --> /opt/rustwide/cargo-home/registry/src/github.com-1ecc6299db9ec823/js-sys-0.3.47/src/lib.rs:2866:39
[INFO] [stdout]      |
[INFO] [stdout] 2866 |         #[wasm_bindgen(js_namespace = Reflect, js_name = ownKeys, catch)]
[INFO] [stdout]      |                                       ^^^^^^^
[INFO] [stdout] 
[INFO] [stdout] 
[INFO] [stdout] error: expected `,`
[INFO] [stdout]     --> /opt/rustwide/cargo-home/registry/src/github.com-1ecc6299db9ec823/js-sys-0.3.47/src/lib.rs:2875:39
[INFO] [stdout]      |
[INFO] [stdout] 2875 |         #[wasm_bindgen(js_namespace = Reflect, js_name = preventExtensions, catch)]
[INFO] [stdout]      |                                       ^^^^^^^
[INFO] [stdout] 
[INFO] [stdout] 
[INFO] [stdout] error: expected `,`
[INFO] [stdout]     --> /opt/rustwide/cargo-home/registry/src/github.com-1ecc6299db9ec823/js-sys-0.3.47/src/lib.rs:2882:39
[INFO] [stdout]      |
[INFO] [stdout] 2882 |         #[wasm_bindgen(js_namespace = Reflect, catch)]
[INFO] [stdout]      |                                       ^^^^^^^
[INFO] [stdout] 
[INFO] [stdout] 
[INFO] [stdout] error: expected `,`
[INFO] [stdout]     --> /opt/rustwide/cargo-home/registry/src/github.com-1ecc6299db9ec823/js-sys-0.3.47/src/lib.rs:2891:39
[INFO] [stdout]      |
[INFO] [stdout] 2891 |         #[wasm_bindgen(js_namespace = Reflect, js_name = "set", catch)]
[INFO] [stdout]      |                                       ^^^^^^^
[INFO] [stdout] 
[INFO] [stdout] 
[INFO] [stdout] error: expected `,`
[INFO] [stdout]     --> /opt/rustwide/cargo-home/registry/src/github.com-1ecc6299db9ec823/js-sys-0.3.47/src/lib.rs:2900:39
[INFO] [stdout]      |
[INFO] [stdout] 2900 |         #[wasm_bindgen(js_namespace = Reflect, js_name = "set", catch)]
[INFO] [stdout]      |                                       ^^^^^^^
[INFO] [stdout] 
[INFO] [stdout] 
[INFO] [stdout] error: expected `,`
[INFO] [stdout]     --> /opt/rustwide/cargo-home/registry/src/github.com-1ecc6299db9ec823/js-sys-0.3.47/src/lib.rs:2911:39
[INFO] [stdout]      |
[INFO] [stdout] 2911 |         #[wasm_bindgen(js_namespace = Reflect, js_name = set, catch)]
[INFO] [stdout]      |                                       ^^^^^^^
[INFO] [stdout] 
[INFO] [stdout] 
[INFO] [stdout] error: expected `,`
[INFO] [stdout]     --> /opt/rustwide/cargo-home/registry/src/github.com-1ecc6299db9ec823/js-sys-0.3.47/src/lib.rs:2925:39
[INFO] [stdout]      |
[INFO] [stdout] 2925 |         #[wasm_bindgen(js_namespace = Reflect, js_name = setPrototypeOf, catch)]
[INFO] [stdout]      |                                       ^^^^^^^
[INFO] [stdout] 
[INFO] [stdout] 
[INFO] [stdout] error: expected `,`
[INFO] [stdout]     --> /opt/rustwide/cargo-home/registry/src/github.com-1ecc6299db9ec823/js-sys-0.3.47/src/lib.rs:3342:39
[INFO] [stdout]      |
[INFO] [stdout] 3342 |         #[wasm_bindgen(js_namespace = WebAssembly)]
[INFO] [stdout]      |                                       ^^^^^^^^^^^
[INFO] [stdout] 
[INFO] [stdout] 
[INFO] [stdout] error: expected `,`
[INFO] [stdout]     --> /opt/rustwide/cargo-home/registry/src/github.com-1ecc6299db9ec823/js-sys-0.3.47/src/lib.rs:3349:39
[INFO] [stdout]      |
[INFO] [stdout] 3349 |         #[wasm_bindgen(js_namespace = WebAssembly, js_name = instantiate)]
[INFO] [stdout]      |                                       ^^^^^^^^^^^
[INFO] [stdout] 
[INFO] [stdout] 
[INFO] [stdout] error: expected `,`
[INFO] [stdout]     --> /opt/rustwide/cargo-home/registry/src/github.com-1ecc6299db9ec823/js-sys-0.3.47/src/lib.rs:3356:39
[INFO] [stdout]      |
[INFO] [stdout] 3356 |         #[wasm_bindgen(js_namespace = WebAssembly, js_name = instantiate)]
[INFO] [stdout]      |                                       ^^^^^^^^^^^
[INFO] [stdout] 
[INFO] [stdout] 
[INFO] [stdout] error: expected `,`
[INFO] [stdout]     --> /opt/rustwide/cargo-home/registry/src/github.com-1ecc6299db9ec823/js-sys-0.3.47/src/lib.rs:3365:39
[INFO] [stdout]      |
[INFO] [stdout] 3365 |         #[wasm_bindgen(js_namespace = WebAssembly, js_name = instantiateStreaming)]
[INFO] [stdout]      |                                       ^^^^^^^^^^^
[INFO] [stdout] 
[INFO] [stdout] 
[INFO] [stdout] error: expected `,`
[INFO] [stdout]     --> /opt/rustwide/cargo-home/registry/src/github.com-1ecc6299db9ec823/js-sys-0.3.47/src/lib.rs:3373:39
[INFO] [stdout]      |
[INFO] [stdout] 3373 |         #[wasm_bindgen(js_namespace = WebAssembly, catch)]
[INFO] [stdout]      |                                       ^^^^^^^^^^^
[INFO] [stdout] 
[INFO] [stdout] 
[INFO] [stdout] error: expected `,`
[INFO] [stdout]     --> /opt/rustwide/cargo-home/registry/src/github.com-1ecc6299db9ec823/js-sys-0.3.47/src/lib.rs:3385:56
[INFO] [stdout]      |
[INFO] [stdout] 3385 |         #[wasm_bindgen(extends = Error, js_namespace = WebAssembly, typescript_type = "WebAssembly.CompileError")]
[INFO] [stdout]      |                                                        ^^^^^^^^^^^
[INFO] [stdout] 
[INFO] [stdout] 
[INFO] [stdout] error: expected `,`
[INFO] [stdout]     --> /opt/rustwide/cargo-home/registry/src/github.com-1ecc6299db9ec823/js-sys-0.3.47/src/lib.rs:3394:52
[INFO] [stdout]      |
[INFO] [stdout] 3394 |         #[wasm_bindgen(constructor, js_namespace = WebAssembly)]
[INFO] [stdout]      |                                                    ^^^^^^^^^^^
[INFO] [stdout] 
[INFO] [stdout] 
[INFO] [stdout] error: expected `,`
[INFO] [stdout]     --> /opt/rustwide/cargo-home/registry/src/github.com-1ecc6299db9ec823/js-sys-0.3.47/src/lib.rs:3407:57
[INFO] [stdout]      |
[INFO] [stdout] 3407 |         #[wasm_bindgen(extends = Object, js_namespace = WebAssembly, typescript_type = "WebAssembly.Instance")]
[INFO] [stdout]      |                                                         ^^^^^^^^^^^
[INFO] [stdout] 
[INFO] [stdout] 
[INFO] [stdout] error: expected `,`
[INFO] [stdout]     --> /opt/rustwide/cargo-home/registry/src/github.com-1ecc6299db9ec823/js-sys-0.3.47/src/lib.rs:3417:59
[INFO] [stdout]      |
[INFO] [stdout] 3417 |         #[wasm_bindgen(catch, constructor, js_namespace = WebAssembly)]
[INFO] [stdout]      |                                                           ^^^^^^^^^^^
[INFO] [stdout] 
[INFO] [stdout] 
[INFO] [stdout] error: expected `,`
[INFO] [stdout]     --> /opt/rustwide/cargo-home/registry/src/github.com-1ecc6299db9ec823/js-sys-0.3.47/src/lib.rs:3426:55
[INFO] [stdout]      |
[INFO] [stdout] 3426 |         #[wasm_bindgen(getter, method, js_namespace = WebAssembly)]
[INFO] [stdout]      |                                                       ^^^^^^^^^^^
[INFO] [stdout] 
[INFO] [stdout] 
[INFO] [stdout] error: expected `,`
[INFO] [stdout]     --> /opt/rustwide/cargo-home/registry/src/github.com-1ecc6299db9ec823/js-sys-0.3.47/src/lib.rs:3438:56
[INFO] [stdout]      |
[INFO] [stdout] 3438 |         #[wasm_bindgen(extends = Error, js_namespace = WebAssembly, typescript_type = "WebAssembly.LinkError")]
[INFO] [stdout]      |                                                        ^^^^^^^^^^^
[INFO] [stdout] 
[INFO] [stdout] 
[INFO] [stdout] error: expected `,`
[INFO] [stdout]     --> /opt/rustwide/cargo-home/registry/src/github.com-1ecc6299db9ec823/js-sys-0.3.47/src/lib.rs:3447:52
[INFO] [stdout]      |
[INFO] [stdout] 3447 |         #[wasm_bindgen(constructor, js_namespace = WebAssembly)]
[INFO] [stdout]      |                                                    ^^^^^^^^^^^
[INFO] [stdout] 
[INFO] [stdout] 
[INFO] [stdout] error: expected `,`
[INFO] [stdout]     --> /opt/rustwide/cargo-home/registry/src/github.com-1ecc6299db9ec823/js-sys-0.3.47/src/lib.rs:3459:56
[INFO] [stdout]      |
[INFO] [stdout] 3459 |         #[wasm_bindgen(extends = Error, js_namespace = WebAssembly, typescript_type = "WebAssembly.RuntimeError")]
[INFO] [stdout]      |                                                        ^^^^^^^^^^^
[INFO] [stdout] 
[INFO] [stdout] 
[INFO] [stdout] error: expected `,`
[INFO] [stdout]     --> /opt/rustwide/cargo-home/registry/src/github.com-1ecc6299db9ec823/js-sys-0.3.47/src/lib.rs:3468:52
[INFO] [stdout]      |
[INFO] [stdout] 3468 |         #[wasm_bindgen(constructor, js_namespace = WebAssembly)]
[INFO] [stdout]      |                                                    ^^^^^^^^^^^
[INFO] [stdout] 
[INFO] [stdout] 
[INFO] [stdout] error: expected `,`
[INFO] [stdout]     --> /opt/rustwide/cargo-home/registry/src/github.com-1ecc6299db9ec823/js-sys-0.3.47/src/lib.rs:3480:39
[INFO] [stdout]      |
[INFO] [stdout] 3480 |         #[wasm_bindgen(js_namespace = WebAssembly, extends = Object, typescript_type = "WebAssembly.Module")]
[INFO] [stdout]      |                                       ^^^^^^^^^^^
[INFO] [stdout] 
[INFO] [stdout] 
[INFO] [stdout] error: expected `,`
[INFO] [stdout]     --> /opt/rustwide/cargo-home/registry/src/github.com-1ecc6299db9ec823/js-sys-0.3.47/src/lib.rs:3489:52
[INFO] [stdout]      |
[INFO] [stdout] 3489 |         #[wasm_bindgen(constructor, js_namespace = WebAssembly, catch)]
[INFO] [stdout]      |                                                    ^^^^^^^^^^^
[INFO] [stdout] 
[INFO] [stdout] 
[INFO] [stdout] error: expected `,`
[INFO] [stdout]     --> /opt/rustwide/cargo-home/registry/src/github.com-1ecc6299db9ec823/js-sys-0.3.47/src/lib.rs:3497:66
[INFO] [stdout]      |
[INFO] [stdout] 3497 |         #[wasm_bindgen(static_method_of = Module, js_namespace = WebAssembly, js_name = customSections)]
[INFO] [stdout]      |                                                                  ^^^^^^^^^^^
[INFO] [stdout] 
[INFO] [stdout] 
[INFO] [stdout] error: expected `,`
[INFO] [stdout]     --> /opt/rustwide/cargo-home/registry/src/github.com-1ecc6299db9ec823/js-sys-0.3.47/src/lib.rs:3504:66
[INFO] [stdout]      |
[INFO] [stdout] 3504 |         #[wasm_bindgen(static_method_of = Module, js_namespace = WebAssembly)]
[INFO] [stdout]      |                                                                  ^^^^^^^^^^^
[INFO] [stdout] 
[INFO] [stdout] 
[INFO] [stdout] error: expected `,`
[INFO] [stdout]     --> /opt/rustwide/cargo-home/registry/src/github.com-1ecc6299db9ec823/js-sys-0.3.47/src/lib.rs:3511:66
[INFO] [stdout]      |
[INFO] [stdout] 3511 |         #[wasm_bindgen(static_method_of = Module, js_namespace = WebAssembly)]
[INFO] [stdout]      |                                                                  ^^^^^^^^^^^
[INFO] [stdout] 
[INFO] [stdout] 
[INFO] [stdout] error: expected `,`
[INFO] [stdout]     --> /opt/rustwide/cargo-home/registry/src/github.com-1ecc6299db9ec823/js-sys-0.3.47/src/lib.rs:3522:39
[INFO] [stdout]      |
[INFO] [stdout] 3522 |         #[wasm_bindgen(js_namespace = WebAssembly, extends = Object, typescript_type = "WebAssembly.Table")]
[INFO] [stdout]      |                                       ^^^^^^^^^^^
[INFO] [stdout] 
[INFO] [stdout] 
[INFO] [stdout] error: expected `,`
[INFO] [stdout]     --> /opt/rustwide/cargo-home/registry/src/github.com-1ecc6299db9ec823/js-sys-0.3.47/src/lib.rs:3530:52
[INFO] [stdout]      |
[INFO] [stdout] 3530 |         #[wasm_bindgen(constructor, js_namespace = WebAssembly, catch)]
[INFO] [stdout]      |                                                    ^^^^^^^^^^^
[INFO] [stdout] 
[INFO] [stdout] 
[INFO] [stdout] error: expected `,`
[INFO] [stdout]     --> /opt/rustwide/cargo-home/registry/src/github.com-1ecc6299db9ec823/js-sys-0.3.47/src/lib.rs:3538:55
[INFO] [stdout]      |
[INFO] [stdout] 3538 |         #[wasm_bindgen(method, getter, js_namespace = WebAssembly)]
[INFO] [stdout]      |                                                       ^^^^^^^^^^^
[INFO] [stdout] 
[INFO] [stdout] 
[INFO] [stdout] error: expected `,`
[INFO] [stdout]     --> /opt/rustwide/cargo-home/registry/src/github.com-1ecc6299db9ec823/js-sys-0.3.47/src/lib.rs:3545:54
[INFO] [stdout]      |
[INFO] [stdout] 3545 |         #[wasm_bindgen(method, catch, js_namespace = WebAssembly)]
[INFO] [stdout]      |                                                      ^^^^^^^^^^^
[INFO] [stdout] 
[INFO] [stdout] 
[INFO] [stdout] error: expected `,`
[INFO] [stdout]     --> /opt/rustwide/cargo-home/registry/src/github.com-1ecc6299db9ec823/js-sys-0.3.47/src/lib.rs:3553:54
[INFO] [stdout]      |
[INFO] [stdout] 3553 |         #[wasm_bindgen(method, catch, js_namespace = WebAssembly)]
[INFO] [stdout]      |                                                      ^^^^^^^^^^^
[INFO] [stdout] 
[INFO] [stdout] 
[INFO] [stdout] error: expected `,`
[INFO] [stdout]     --> /opt/rustwide/cargo-home/registry/src/github.com-1ecc6299db9ec823/js-sys-0.3.47/src/lib.rs:3560:54
[INFO] [stdout]      |
[INFO] [stdout] 3560 |         #[wasm_bindgen(method, catch, js_namespace = WebAssembly)]
[INFO] [stdout]      |                                                      ^^^^^^^^^^^
[INFO] [stdout] 
[INFO] [stdout] 
[INFO] [stdout] error: expected `,`
[INFO] [stdout]     --> /opt/rustwide/cargo-home/registry/src/github.com-1ecc6299db9ec823/js-sys-0.3.47/src/lib.rs:3568:39
[INFO] [stdout]      |
[INFO] [stdout] 3568 |         #[wasm_bindgen(js_namespace = WebAssembly, extends = Object, typescript_type = "WebAssembly.Memory")]
[INFO] [stdout]      |                                       ^^^^^^^^^^^
[INFO] [stdout] 
[INFO] [stdout] 
[INFO] [stdout] error: expected `,`
[INFO] [stdout]     --> /opt/rustwide/cargo-home/registry/src/github.com-1ecc6299db9ec823/js-sys-0.3.47/src/lib.rs:3580:52
[INFO] [stdout]      |
[INFO] [stdout] 3580 |         #[wasm_bindgen(constructor, js_namespace = WebAssembly, catch)]
[INFO] [stdout]      |                                                    ^^^^^^^^^^^
[INFO] [stdout] 
[INFO] [stdout] 
[INFO] [stdout] error: expected `,`
[INFO] [stdout]     --> /opt/rustwide/cargo-home/registry/src/github.com-1ecc6299db9ec823/js-sys-0.3.47/src/lib.rs:3587:55
[INFO] [stdout]      |
[INFO] [stdout] 3587 |         #[wasm_bindgen(method, getter, js_namespace = WebAssembly)]
[INFO] [stdout]      |                                                       ^^^^^^^^^^^
[INFO] [stdout] 
[INFO] [stdout] 
[INFO] [stdout] error: expected `,`
[INFO] [stdout]     --> /opt/rustwide/cargo-home/registry/src/github.com-1ecc6299db9ec823/js-sys-0.3.47/src/lib.rs:3598:47
[INFO] [stdout]      |
[INFO] [stdout] 3598 |         #[wasm_bindgen(method, js_namespace = WebAssembly)]
[INFO] [stdout]      |                                               ^^^^^^^^^^^
[INFO] [stdout] 
[INFO] [stdout] 
[INFO] [stdout] error: expected `,`
[INFO] [stdout]     --> /opt/rustwide/cargo-home/registry/src/github.com-1ecc6299db9ec823/js-sys-0.3.47/src/lib.rs:3618:46
[INFO] [stdout]      |
[INFO] [stdout] 3618 |         #[wasm_bindgen(catch, js_namespace = JSON)]
[INFO] [stdout]      |                                              ^^^^
[INFO] [stdout] 
[INFO] [stdout] 
[INFO] [stdout] error: expected `,`
[INFO] [stdout]     --> /opt/rustwide/cargo-home/registry/src/github.com-1ecc6299db9ec823/js-sys-0.3.47/src/lib.rs:3624:46
[INFO] [stdout]      |
[INFO] [stdout] 3624 |         #[wasm_bindgen(catch, js_namespace = JSON)]
[INFO] [stdout]      |                                              ^^^^
[INFO] [stdout] 
[INFO] [stdout] 
[INFO] [stdout] error: expected `,`
[INFO] [stdout]     --> /opt/rustwide/cargo-home/registry/src/github.com-1ecc6299db9ec823/js-sys-0.3.47/src/lib.rs:3636:46
[INFO] [stdout]      |
[INFO] [stdout] 3636 |         #[wasm_bindgen(catch, js_namespace = JSON, js_name = stringify)]
[INFO] [stdout]      |                                              ^^^^
[INFO] [stdout] 
[INFO] [stdout] 
[INFO] [stdout] error: expected `,`
[INFO] [stdout]     --> /opt/rustwide/cargo-home/registry/src/github.com-1ecc6299db9ec823/js-sys-0.3.47/src/lib.rs:3660:46
[INFO] [stdout]      |
[INFO] [stdout] 3660 |         #[wasm_bindgen(catch, js_namespace = JSON, js_name = stringify)]
[INFO] [stdout]      |                                              ^^^^
[INFO] [stdout] 
[INFO] [stdout] 
[INFO] [stdout] error: expected `,`
[INFO] [stdout]     --> /opt/rustwide/cargo-home/registry/src/github.com-1ecc6299db9ec823/js-sys-0.3.47/src/lib.rs:4420:70
[INFO] [stdout]      |
[INFO] [stdout] 4420 |         #[wasm_bindgen(js_name = getCanonicalLocales, js_namespace = Intl)]
[INFO] [stdout]      |                                                                      ^^^^
[INFO] [stdout] 
[INFO] [stdout] 
[INFO] [stdout] error: expected `,`
[INFO] [stdout]     --> /opt/rustwide/cargo-home/registry/src/github.com-1ecc6299db9ec823/js-sys-0.3.47/src/lib.rs:4431:57
[INFO] [stdout]      |
[INFO] [stdout] 4431 |         #[wasm_bindgen(extends = Object, js_namespace = Intl, typescript_type = "Intl.Collator")]
[INFO] [stdout]      |                                                         ^^^^
[INFO] [stdout] 
[INFO] [stdout] 
[INFO] [stdout] error: expected `,`
[INFO] [stdout]     --> /opt/rustwide/cargo-home/registry/src/github.com-1ecc6299db9ec823/js-sys-0.3.47/src/lib.rs:4439:52
[INFO] [stdout]      |
[INFO] [stdout] 4439 |         #[wasm_bindgen(constructor, js_namespace = Intl)]
[INFO] [stdout]      |                                                    ^^^^
[INFO] [stdout] 
[INFO] [stdout] 
[INFO] [stdout] error: expected `,`
[INFO] [stdout]     --> /opt/rustwide/cargo-home/registry/src/github.com-1ecc6299db9ec823/js-sys-0.3.47/src/lib.rs:4455:47
[INFO] [stdout]      |
[INFO] [stdout] 4455 |         #[wasm_bindgen(method, js_namespace = Intl, js_name = resolvedOptions)]
[INFO] [stdout]      |                                               ^^^^
[INFO] [stdout] 
[INFO] [stdout] 
[INFO] [stdout] error: expected `,`
[INFO] [stdout]     --> /opt/rustwide/cargo-home/registry/src/github.com-1ecc6299db9ec823/js-sys-0.3.47/src/lib.rs:4464:68
[INFO] [stdout]      |
[INFO] [stdout] 4464 |         #[wasm_bindgen(static_method_of = Collator, js_namespace = Intl, js_name = supportedLocalesOf)]
[INFO] [stdout]      |                                                                    ^^^^
[INFO] [stdout] 
[INFO] [stdout] 
[INFO] [stdout] error: expected `,`
[INFO] [stdout]     --> /opt/rustwide/cargo-home/registry/src/github.com-1ecc6299db9ec823/js-sys-0.3.47/src/lib.rs:4475:57
[INFO] [stdout]      |
[INFO] [stdout] 4475 |         #[wasm_bindgen(extends = Object, js_namespace = Intl, typescript_type = "Intl.DateTimeFormat")]
[INFO] [stdout]      |                                                         ^^^^
[INFO] [stdout] 
[INFO] [stdout] 
[INFO] [stdout] error: expected `,`
[INFO] [stdout]     --> /opt/rustwide/cargo-home/registry/src/github.com-1ecc6299db9ec823/js-sys-0.3.47/src/lib.rs:4483:52
[INFO] [stdout]      |
[INFO] [stdout] 4483 |         #[wasm_bindgen(constructor, js_namespace = Intl)]
[INFO] [stdout]      |                                                    ^^^^
[INFO] [stdout] 
[INFO] [stdout] 
[INFO] [stdout] error: expected `,`
[INFO] [stdout]     --> /opt/rustwide/cargo-home/registry/src/github.com-1ecc6299db9ec823/js-sys-0.3.47/src/lib.rs:4506:47
[INFO] [stdout]      |
[INFO] [stdout] 4506 |         #[wasm_bindgen(method, js_namespace = Intl, js_name = resolvedOptions)]
[INFO] [stdout]      |                                               ^^^^
[INFO] [stdout] 
[INFO] [stdout] 
[INFO] [stdout] error: expected `,`
[INFO] [stdout]     --> /opt/rustwide/cargo-home/registry/src/github.com-1ecc6299db9ec823/js-sys-0.3.47/src/lib.rs:4515:74
[INFO] [stdout]      |
[INFO] [stdout] 4515 |         #[wasm_bindgen(static_method_of = DateTimeFormat, js_namespace = Intl, js_name = supportedLocalesOf)]
[INFO] [stdout]      |                                                                          ^^^^
[INFO] [stdout] 
[INFO] [stdout] 
[INFO] [stdout] error: expected `,`
[INFO] [stdout]     --> /opt/rustwide/cargo-home/registry/src/github.com-1ecc6299db9ec823/js-sys-0.3.47/src/lib.rs:4526:57
[INFO] [stdout]      |
[INFO] [stdout] 4526 |         #[wasm_bindgen(extends = Object, js_namespace = Intl, typescript_type = "Intl.NumberFormat")]
[INFO] [stdout]      |                                                         ^^^^
[INFO] [stdout] 
[INFO] [stdout] 
[INFO] [stdout] error: expected `,`
[INFO] [stdout]     --> /opt/rustwide/cargo-home/registry/src/github.com-1ecc6299db9ec823/js-sys-0.3.47/src/lib.rs:4534:52
[INFO] [stdout]      |
[INFO] [stdout] 4534 |         #[wasm_bindgen(constructor, js_namespace = Intl)]
[INFO] [stdout]      |                                                    ^^^^
[INFO] [stdout] 
[INFO] [stdout] 
[INFO] [stdout] error: expected `,`
[INFO] [stdout]     --> /opt/rustwide/cargo-home/registry/src/github.com-1ecc6299db9ec823/js-sys-0.3.47/src/lib.rs:4557:47
[INFO] [stdout]      |
[INFO] [stdout] 4557 |         #[wasm_bindgen(method, js_namespace = Intl, js_name = resolvedOptions)]
[INFO] [stdout]      |                                               ^^^^
[INFO] [stdout] 
[INFO] [stdout] 
[INFO] [stdout] error: expected `,`
[INFO] [stdout]     --> /opt/rustwide/cargo-home/registry/src/github.com-1ecc6299db9ec823/js-sys-0.3.47/src/lib.rs:4565:72
[INFO] [stdout]      |
[INFO] [stdout] 4565 |         #[wasm_bindgen(static_method_of = NumberFormat, js_namespace = Intl, js_name = supportedLocalesOf)]
[INFO] [stdout]      |                                                                        ^^^^
[INFO] [stdout] 
[INFO] [stdout] 
[INFO] [stdout] error: expected `,`
[INFO] [stdout]     --> /opt/rustwide/cargo-home/registry/src/github.com-1ecc6299db9ec823/js-sys-0.3.47/src/lib.rs:4576:57
[INFO] [stdout]      |
[INFO] [stdout] 4576 |         #[wasm_bindgen(extends = Object, js_namespace = Intl, typescript_type = "Intl.PluralRules")]
[INFO] [stdout]      |                                                         ^^^^
[INFO] [stdout] 
[INFO] [stdout] 
[INFO] [stdout] error: expected `,`
[INFO] [stdout]     --> /opt/rustwide/cargo-home/registry/src/github.com-1ecc6299db9ec823/js-sys-0.3.47/src/lib.rs:4584:52
[INFO] [stdout]      |
[INFO] [stdout] 4584 |         #[wasm_bindgen(constructor, js_namespace = Intl)]
[INFO] [stdout]      |                                                    ^^^^
[INFO] [stdout] 
[INFO] [stdout] 
[INFO] [stdout] error: expected `,`
[INFO] [stdout]     --> /opt/rustwide/cargo-home/registry/src/github.com-1ecc6299db9ec823/js-sys-0.3.47/src/lib.rs:4592:47
[INFO] [stdout]      |
[INFO] [stdout] 4592 |         #[wasm_bindgen(method, js_namespace = Intl, js_name = resolvedOptions)]
[INFO] [stdout]      |                                               ^^^^
[INFO] [stdout] 
[INFO] [stdout] 
[INFO] [stdout] error: expected `,`
[INFO] [stdout]     --> /opt/rustwide/cargo-home/registry/src/github.com-1ecc6299db9ec823/js-sys-0.3.47/src/lib.rs:4599:47
[INFO] [stdout]      |
[INFO] [stdout] 4599 |         #[wasm_bindgen(method, js_namespace = Intl)]
[INFO] [stdout]      |                                               ^^^^
[INFO] [stdout] 
[INFO] [stdout] 
[INFO] [stdout] error: expected `,`
[INFO] [stdout]     --> /opt/rustwide/cargo-home/registry/src/github.com-1ecc6299db9ec823/js-sys-0.3.47/src/lib.rs:4607:71
[INFO] [stdout]      |
[INFO] [stdout] 4607 |         #[wasm_bindgen(static_method_of = PluralRules, js_namespace = Intl, js_name = supportedLocalesOf)]
[INFO] [stdout]      |                                                                       ^^^^
[INFO] [stdout] 
[INFO] [stdout] 
[INFO] [stdout] error[E0425]: cannot find function `get` in module `Reflect`
[INFO] [stdout]     --> /opt/rustwide/cargo-home/registry/src/github.com-1ecc6299db9ec823/js-sys-0.3.47/src/lib.rs:1524:28
[INFO] [stdout]      |
[INFO] [stdout] 1524 |     let iter_fn = Reflect::get(val, iter_sym.as_ref())?;
[INFO] [stdout]      |                            ^^^ not found in `Reflect`
[INFO] [stdout]      |
[INFO] [stdout] help: consider importing this function
[INFO] [stdout]      |
[INFO] [stdout] 21   | use std::rt::panic_count::get;
[INFO] [stdout]      |
[INFO] [stdout] 
[INFO] [stdout] 
[INFO] [stdout] error[E0412]: cannot find type `Memory` in module `WebAssembly`
[INFO] [stdout]     --> /opt/rustwide/cargo-home/registry/src/github.com-1ecc6299db9ec823/js-sys-0.3.47/src/lib.rs:4933:60
[INFO] [stdout]      |
[INFO] [stdout] 4933 |                   let mem = buf.unchecked_ref::<WebAssembly::Memory>();
[INFO] [stdout]      |                                                              ^^^^^^ not found in `WebAssembly`
[INFO] [stdout] ...
[INFO] [stdout] 5008 | / arrays! {
[INFO] [stdout] 5009 | |     /// `Int8Array()`
[INFO] [stdout] 5010 | |     /// https://developer.mozilla.org/en-US/docs/Web/JavaScript/Reference/Global_Objects/Int8Array
[INFO] [stdout] 5011 | |     Int8Array: i8,
[INFO] [stdout] ...    |
[INFO] [stdout] 5043 | |     Float64Array: f64,
[INFO] [stdout] 5044 | | }
[INFO] [stdout]      | |_- in this macro invocation
[INFO] [stdout]      |
[INFO] [stdout]      = note: this error originates in a macro (in Nightly builds, run with -Z macro-backtrace for more info)
[INFO] [stdout] 
[INFO] [stdout] 
[INFO] [stdout] error[E0412]: cannot find type `Memory` in module `WebAssembly`
[INFO] [stdout]     --> /opt/rustwide/cargo-home/registry/src/github.com-1ecc6299db9ec823/js-sys-0.3.47/src/lib.rs:4958:60
[INFO] [stdout]      |
[INFO] [stdout] 4958 |                   let mem = buf.unchecked_ref::<WebAssembly::Memory>();
[INFO] [stdout]      |                                                              ^^^^^^ not found in `WebAssembly`
[INFO] [stdout] ...
[INFO] [stdout] 5008 | / arrays! {
[INFO] [stdout] 5009 | |     /// `Int8Array()`
[INFO] [stdout] 5010 | |     /// https://developer.mozilla.org/en-US/docs/Web/JavaScript/Reference/Global_Objects/Int8Array
[INFO] [stdout] 5011 | |     Int8Array: i8,
[INFO] [stdout] ...    |
[INFO] [stdout] 5043 | |     Float64Array: f64,
[INFO] [stdout] 5044 | | }
[INFO] [stdout]      | |_- in this macro invocation
[INFO] [stdout]      |
[INFO] [stdout]      = note: this error originates in a macro (in Nightly builds, run with -Z macro-backtrace for more info)
[INFO] [stdout] 
[INFO] [stdout] 
[INFO] [stdout] error[E0412]: cannot find type `Memory` in module `WebAssembly`
[INFO] [stdout]     --> /opt/rustwide/cargo-home/registry/src/github.com-1ecc6299db9ec823/js-sys-0.3.47/src/lib.rs:4968:60
[INFO] [stdout]      |
[INFO] [stdout] 4968 |                   let mem = buf.unchecked_ref::<WebAssembly::Memory>();
[INFO] [stdout]      |                                                              ^^^^^^ not found in `WebAssembly`
[INFO] [stdout] ...
[INFO] [stdout] 5008 | / arrays! {
[INFO] [stdout] 5009 | |     /// `Int8Array()`
[INFO] [stdout] 5010 | |     /// https://developer.mozilla.org/en-US/docs/Web/JavaScript/Reference/Global_Objects/Int8Array
[INFO] [stdout] 5011 | |     Int8Array: i8,
[INFO] [stdout] ...    |
[INFO] [stdout] 5043 | |     Float64Array: f64,
[INFO] [stdout] 5044 | | }
[INFO] [stdout]      | |_- in this macro invocation
[INFO] [stdout]      |
[INFO] [stdout]      = note: this error originates in a macro (in Nightly builds, run with -Z macro-backtrace for more info)
[INFO] [stdout] 
[INFO] [stdout] 
[INFO] [stdout] error: aborting due to 123 previous errors
[INFO] [stdout] 
[INFO] [stdout] 
[INFO] [stdout] Some errors have detailed explanations: E0412, E0425.
[INFO] [stdout] 
[INFO] [stdout] For more information about an error, try `rustc --explain E0412`.
[INFO] [stdout] 
[INFO] [stderr] error: could not compile `js-sys`
[INFO] [stderr] 
[INFO] [stderr] To learn more, run the command again with --verbose.
[INFO] running `Command { std: "docker" "inspect" "1a0b1225c6343b8bcf24b4f81a335b66c1f4d79e8794513cd88ea3e7bd8aa590", kill_on_drop: false }`
[INFO] running `Command { std: "docker" "rm" "-f" "1a0b1225c6343b8bcf24b4f81a335b66c1f4d79e8794513cd88ea3e7bd8aa590", kill_on_drop: false }`
[INFO] [stdout] 1a0b1225c6343b8bcf24b4f81a335b66c1f4d79e8794513cd88ea3e7bd8aa590
